 p be (24/16 - l/2) + 1. Calculate the highest common divisor of p and 7.
7
Let d = -15 - -15. Suppose -2*y + 7*y - 30 = d. Suppose 53 = 3*v + 4*j, 3*v = -7*j + 8*j + 43. Calculate the highest common factor of y and v.
3
Suppose 198 = -2*h + 3*h. Let t be (-10)/(-325)*220*(-390)/(-60). What is the greatest common factor of h and t?
22
Suppose 7*p = -5*j + 22133, 7*j - 5*j = -5*p + 15814. Calculate the highest common factor of 14 and p.
14
Let m be 477/((3/3)/5) + 7. What is the greatest common divisor of 208 and m?
104
Let k be 22/(-24) - 2/(-8) - (-1362)/18. What is the greatest common divisor of k and 75?
75
Let n = -11384 + 11618. Suppose -82 = -5*t + 8. Calculate the highest common factor of t and n.
18
Suppose 2369 - 8807 = -6*t. What is the greatest common divisor of t and 74?
37
Let q(p) = -3*p**3 - 23*p**2 + 11*p. Let c be q(-8). Let f be (c - -27)*1/((-1)/(-124)). Calculate the greatest common factor of 31 and f.
31
Suppose -3*l = -3*c + 15711, 5*c = -452*l + 451*l + 26227. What is the highest common factor of c and 608?
76
Let v = -3178 + 6378. Calculate the highest common divisor of 10 and v.
10
Let n be ((-13815)/1228)/(2/(-48)). What is the greatest common factor of 1035 and n?
45
Let n = -2236 + 15060. Calculate the highest common factor of 14 and n.
14
Let d(l) = -l**2 + 14*l - 39. Let s be d(4). Let b = -16 - 4. Let z = b + 22. Calculate the highest common factor of z and s.
1
Let u be -12*2/(-3) + 355. What is the greatest common factor of 1 and u?
1
Suppose 0 = -271*f + 219*f + 156. Calculate the greatest common divisor of f and 31.
1
Let q = 75 + -46. Suppose 0 = -142*k + 137*k + 5*p + 45, 0 = 5*k + 3*p + 19. Calculate the highest common divisor of k and q.
1
Let j be 1705/15 - 1/(-3). Let o be 51*(-60)/(-510) + (295 - (0 - 3)). Calculate the highest common factor of o and j.
38
Let k be 90576/1496 + (-6)/11. Calculate the highest common divisor of 1480 and k.
20
Let z(j) = 2*j**3 + 31*j**2 - 28*j - 19. Let a be z(-16). Calculate the highest common factor of a and 49.
1
Let m(s) = 7*s - 148. Let p be m(22). Suppose 0 = -p*w + 2995 - 1063. What is the highest common divisor of w and 46?
46
Let a(v) = 2*v**2 - 9*v + 4. Let z(h) = -h**2 - 13*h + 35. Let k = -63 + 48. Let f be z(k). Let c be a(f). What is the highest common factor of c and 3?
3
Let x = 7717 + -7701. Let j be (-1)/2 + 27/6. Suppose 4*d + j = 8*d. What is the highest common divisor of x and d?
1
Let o = -2296 - -4101. Suppose -14*m + o = 41. What is the greatest common divisor of 36 and m?
18
Suppose -43830 = -58*g - 45*g - 13754. Calculate the greatest common factor of g and 1679.
73
Let a be -1*(6526/(-91) - 12/42). What is the highest common factor of a and 3078?
18
Let s be (69 + -48)*(-432)/(-42). What is the greatest common factor of s and 2088?
72
Let x = -9861 + 10012. Calculate the greatest common factor of 5 and x.
1
Let n be -10 + 237860/40 + 5/(-2). Calculate the highest common factor of n and 516.
258
Suppose -1 = 2*q - 7. Let y(o) = -10*o - 15*o - 9 + q + 4. Let g be y(-2). What is the greatest common divisor of 16 and g?
16
Let w(a) = 7*a**3 + 4*a**2 + 2*a - 10. Let t be w(-3). Let c = t - -202. What is the highest common divisor of c and 33?
33
Let m be (100/(-1))/((-16)/7 + 2). Let k = 353 - m. Suppose 3*t - 3*w + 6 = 2*w, -4*t - w = -15. What is the greatest common factor of t and k?
3
Let j = -108 + 387. Let d be ((-2)/4)/((6/44)/(-3)). Let k(i) = -i**3 + 10*i**2 + 11*i + 31. Let f be k(d). What is the greatest common divisor of f and j?
31
Let k(i) = i**2 + i + 513. Let b be k(0). Suppose -36*r + 5697 = b. What is the highest common divisor of 24 and r?
24
Suppose -2*c = 10*c + 2568. Let s = c - -230. Let b(q) = -q**3 + 9*q**2 - 2*q - 4. Let g be b(7). Calculate the highest common factor of g and s.
16
Let d(k) = -185*k**3 - 2*k**2 + 36*k + 76. Let o be d(-2). What is the greatest common divisor of 180 and o?
36
Let h be (72/42 - (-2)/7) + -8. Let j be (-224)/21*h - -6. What is the highest common factor of 30 and j?
10
Let k = 29390 + -29379. Let t be -1 + (-1)/(2/(-24)). Calculate the highest common divisor of k and t.
11
Suppose -108*p + 113*p = 30, 2*d + 3*p - 7600 = 0. Calculate the greatest common divisor of 34 and d.
17
Let b = -41 - -116. Let c be 10*(3/3 + 4) - 0. Calculate the highest common divisor of b and c.
25
Let o(j) = -33*j + 4. Let p be o(-2). Suppose 0 = -4*h + 6*h - 42. What is the greatest common divisor of p and h?
7
Suppose 5*d = 9 + 6, 0 = f + d - 227. Suppose 24*k = 10*k + f. Calculate the highest common divisor of 136 and k.
8
Let q = 13 + -16. Let g be (-229)/q + (-10)/30 + 2. Let v(s) = -7*s - 2. Let x be v(-4). What is the greatest common factor of x and g?
26
Let x = 666 + -699. Let v be (2 + -6)*(-8 + x/(-6)). Calculate the greatest common divisor of v and 8.
2
Let x be (-24)/(-15)*80/64. Let l be 26/52 - ((-101)/x - 1). Calculate the greatest common factor of 4 and l.
4
Let l(y) = -3*y + 20. Let c be l(6). Suppose -4440 = 9*q - 4494. Calculate the highest common divisor of q and c.
2
Let u be (162/(-4))/(648/54*(-1)/8). What is the greatest common divisor of 56808 and u?
27
Let c(g) = 4 - 8*g**2 + 2*g - 4*g**2 + 11*g**2 - 1. Let o be c(0). Let n be (8/10)/((-4)/(-30)). What is the greatest common factor of o and n?
3
Let n = 6905 + -2354. Calculate the highest common factor of 222 and n.
111
Suppose v = -3*m + 7253, 2 = 60*v - 62*v. Suppose 65*h = 78*h - m. Calculate the highest common factor of h and 62.
62
Let n(b) = b**3 + 28*b**2 - 65*b - 59. Let l be n(-30). Calculate the greatest common factor of l and 3549.
91
Let s = -13635 - -13649. What is the greatest common factor of s and 2128?
14
Let j(f) = f**2 - 179*f - 1682. Let y be j(-9). What is the greatest common factor of 10130 and y?
10
Let b(y) = y**2 - 4*y - 1. Let l be b(5). Suppose 3*t - 5*a = 840, 0*a - l*a = 4*t - 1120. What is the highest common divisor of 35 and t?
35
Let y(t) = 2*t**2 - 11*t - 138. Let a be y(25). What is the highest common factor of a and 31?
31
Let b(j) = -2*j**3 + 2*j - 45. Let m be b(-5). What is the highest common factor of 240 and m?
15
Let q = 38158 + -37270. Calculate the highest common divisor of 1 and q.
1
Suppose -l = -j + 1, -3*l - 1 = -4*j + 3. Suppose z + 10*z = l. Suppose z*k + 756 = 14*k. Calculate the highest common divisor of 27 and k.
27
Let d be (4081/(-1484))/(2/(-488)). Calculate the highest common factor of 143 and d.
11
Let r be (3/2)/(((-88)/16)/(-11)). Suppose -3*s = -3*o + 27, 5*o - r*s - 23 = 28. Calculate the greatest common divisor of o and 228.
12
Suppose -64*t + 66*t = 670. Suppose -4*q - 2*l + 438 = 0, -4*q + 5*l + t = -q. What is the highest common divisor of q and 30?
10
Let p(c) = 8*c - 34*c + 5*c**2 + 12*c + 12 - 9*c**3 + 18*c. Let l be p(-3). Calculate the greatest common factor of l and 32.
32
Let r(m) = -7*m**2 - 129*m - 169. Let i be r(-17). What is the greatest common factor of i and 847?
1
Suppose 4*n - 24 = t, -1232*t + 29 = 3*n - 1230*t. Calculate the greatest common divisor of n and 13951.
7
Let i(o) = -32*o - 54. Let a be i(-58). What is the greatest common factor of a and 318?
106
Let m be 74/6*2*6. Suppose -5943*o + 5942*o + 409 = 4*z, 4*o + 3*z - 1389 = 0. Calculate the greatest common factor of m and o.
37
Suppose 2*b + 2*b - 221 = -3*f, 3*b + 3*f - 165 = 0. Suppose c - 3*p = -7 + 61, 0 = -c + 4*p + b. What is the greatest common divisor of c and 336?
48
Suppose 479 + 6463 = 13*k. What is the greatest common factor of k and 8?
2
Let h(w) be the second derivative of 49*w**3/6 - 14*w**2 + 23*w. Let x be h(8). Let i be (-5)/15 + x/12. What is the greatest common divisor of 210 and i?
30
Suppose 15*b + 27*b - 62320 = 22*b. Calculate the greatest common factor of 656 and b.
164
Suppose 2*m = -2 + 18. Let a be -1*(-2)/(-34) + 264870/8262. Calculate the greatest common divisor of a and m.
8
Let r be ((-15982)/(-1441))/(10/165). What is the greatest common divisor of 36051 and r?
183
Suppose -71*z - 2157 = -74*z. Let v = -644 + z. Calculate the greatest common divisor of 300 and v.
75
Suppose -n + 2 = -3*x, 3*x - 13 = -3*n + 5*x. Suppose 25*y - 24*y - 217 = -5*s, 2*y = -n*s + 434. What is the highest common divisor of 31 and y?
31
Suppose 4*g - 201 = -c, -5*c - 104 - 141 = -5*g. Suppo